{"id":3,"date":"2021-03-23T09:45:04","date_gmt":"2021-03-23T09:45:04","guid":{"rendered":"http:\/\/192.168.10.55\/backup\/?page_id=3"},"modified":"2021-05-15T13:04:27","modified_gmt":"2021-05-15T13:04:27","slug":"klauzula-informacyjna","status":"publish","type":"page","link":"https:\/\/gcf.morai.eu\/gcf\/klauzula-informacyjna\/","title":{"rendered":"Polityka prywatno\u015bci &#8211; klauzula informacyjna"},"content":{"rendered":"<p style=\"text-align: left;\">Zgodnie z Rozporz\u0105dzeniem Parlamentu Europejskiego i Rady (UE) 2016\/679 z dnia 27 kwietnia 2016 r. w sprawie ochrony os\u00f3b fizycznych w zwi\u0105zku z przetwarzaniem danych\u00a0<br \/>osobowych i w sprawie swobodnego przep\u0142ywu takich danych oraz uchylenia dyrektywy 95\/46\/WE (dalej zwanym RODO) informuj\u0119, i\u017c:<\/p>\n<ol>\n<li style=\"text-align: left;\">Administratorem Pani\/Pana danych osobowych jest Gdy\u0144skie Centrum Kultury, ul. Jana z Kolna 25, 81 \u2013 354 Gdynia, tel. 58 664 73 77, e-mail: sekretariat@gck.gdynia.pl;<\/li>\n<li style=\"text-align: left;\">Inspektorem Ochrony Danych jest Pan Mateusz Gigiewicz, e-mail: m.gigiewicz@gck.gdynia.pl;<\/li>\n<li style=\"text-align: left;\">Pani\/Pana dane osobowe przetwarzane b\u0119d\u0105 w celu otrzymywania informacji o bie\u017c\u0105cych wydarzeniach (newsletter) na podstawie art. 6 pkt ust. 1 pkt a RODO;<\/li>\n<li style=\"text-align: left;\">Odbiorc\u0105 Pani\/Pana danych mog\u0105 by\u0107 inne podmioty upowa\u017cnione do odbioru Pana\/Pani danych osobowych na podstawie odpowiednich przepis\u00f3w prawa oraz inne podmioty, kt\u00f3re przetwarzaj\u0105 Pani\/Pana dane osobowe w imieniu Administratora na podstawie zawartej umowy powierzenia przetwarzania danych osobowych (tzw. Podmioty przetwarzaj\u0105ce);<\/li>\n<li style=\"text-align: left;\">Pani\/Pana dane osobowe nie b\u0119d\u0105 przekazywane do pa\u0144stwa trzeciego lub organizacji mi\u0119dzynarodowej;<\/li>\n<li style=\"text-align: left;\">Pani\/Pana dane osobowe b\u0119d\u0105 przechowywane do momentu wycofania zgody lub gdy Administrator Danych Osobowych ustali, \u017ce si\u0119 zdezaktualizowa\u0142y;<\/li>\n<li style=\"text-align: left;\">Posiada Pani\/Pan prawo dost\u0119pu do tre\u015bci swoich danych osobowych oraz prawo ich sprostowania, usuni\u0119cia, ograniczenia przetwarzania, prawo do przenoszenia danych, prawo wniesienia sprzeciwu;<\/li>\n<li style=\"text-align: left;\">W przypadku przetwarzania danych osobowych na podstawie zgody, przys\u0142uguje Pani\/Panu prawo do cofni\u0119cia zgody w dowolnym momencie bez wp\u0142ywu na zgodno\u015b\u0107 z prawem przetwarzania, kt\u00f3rego dokonano na podstawie zgody przed jej cofni\u0119ciem;<\/li>\n<li style=\"text-align: left;\">W przypadku przetwarzania danych osobowych na potrzeby marketingu bezpo\u015bredniego, ma Pani\/Pan prawo w dowolnym momencie wnie\u015b\u0107 sprzeciw wobec przetwarzania danych osobowych na potrzeby takiego marketingu w zakresie, w jakim przetwarzanie jest zwi\u0105zane z marketingiem bezpo\u015brednim;<\/li>\n<li style=\"text-align: left;\">Ma Pani\/Pan prawo wniesienia skargi do Prezesa Urz\u0119du Ochrony Danych Osobowych, gdy uzna Pani\/Pan, i\u017c przetwarzanie danych osobowych Pani\/Pana dotycz\u0105cych narusza przepisy RODO;<\/li>\n<li style=\"text-align: left;\">Podanie przez Pani\u0105\/Pana danych osobowych jest dobrowolne, a bez podania danych nie b\u0119dzie mo\u017cliwe otrzymywanie newslettera;<\/li>\n<li style=\"text-align: left;\">Pani\/Pana dane nie b\u0119d\u0105 przetwarzane w spos\u00f3b zautomatyzowany, w tym r\u00f3wnie\u017c w formie profilowania.<\/li>\n<\/ol>\n","protected":false},"excerpt":{"rendered":"<p>Zgodnie z Rozporz\u0105dzeniem Parlamentu Europejskiego i Rady (UE) 2016\/679 z dnia 27 kwietnia 2016 r. w sprawie ochrony os\u00f3b fizycznych&#8230;<\/p>\n","protected":false},"author":1,"featured_media":0,"parent":0,"menu_order":22,"comment_status":"closed","ping_status":"closed","template":"","meta":[],"_links":{"self":[{"href":"https:\/\/gcf.morai.eu\/gcf\/wp-json\/wp\/v2\/pages\/3"}],"collection":[{"href":"https:\/\/gcf.morai.eu\/gcf\/wp-json\/wp\/v2\/pages"}],"about":[{"href":"https:\/\/gcf.morai.eu\/gcf\/wp-json\/wp\/v2\/types\/page"}],"author":[{"embeddable":true,"href":"https:\/\/gcf.morai.eu\/gcf\/wp-json\/wp\/v2\/users\/1"}],"replies":[{"embeddable":true,"href":"https:\/\/gcf.morai.eu\/gcf\/wp-json\/wp\/v2\/comments?post=3"}],"version-history":[{"count":3,"href":"https:\/\/gcf.morai.eu\/gcf\/wp-json\/wp\/v2\/pages\/3\/revisions"}],"predecessor-version":[{"id":5906,"href":"https:\/\/gcf.morai.eu\/gcf\/wp-json\/wp\/v2\/pages\/3\/revisions\/5906"}],"wp:attachment":[{"href":"https:\/\/gcf.morai.eu\/gcf\/wp-json\/wp\/v2\/media?parent=3"}],"curies":[{"name":"wp","href":"https:\/\/api.w.org\/{rel}","templated":true}]}}